{"id":1167,"date":"2018-01-06T18:33:08","date_gmt":"2018-01-06T18:33:08","guid":{"rendered":"http:\/\/maths-simao.fr\/?page_id=1167"},"modified":"2020-08-28T07:54:55","modified_gmt":"2020-08-28T07:54:55","slug":"mes-cours-et-activites","status":"publish","type":"page","link":"https:\/\/maths-simao.fr\/?page_id=1167","title":{"rendered":"Ressources coll\u00e8ge"},"content":{"rendered":"\n<p><\/p>\n\n\n\n<p><strong>Liens : <\/strong><\/p>\n\n\n\n<p>Vous pouvez trouver sur le net, plusieurs sites permettant de faire des exercices en ligne permettant de vous entrainer seul chez vous.<\/p>\n\n\n\n<ol><li><strong>Vid\u00e9os de cours en ligne : <\/strong>Par Yvon Monka de l&rsquo;excellent site Maths et tiques, chaine youtube vid\u00e9o de 5 min par notions &nbsp;<a href=\"https:\/\/www.maths-et-tiques.fr\/\">cliquer ici<\/a><\/li><li><strong>J&rsquo;ai compris <\/strong>Cours et exercices corrig\u00e9s en vid\u00e9o comme en classe, <a href=\"http:\/\/www.jaicompris.com\/\">cliquer ici<\/a><\/li><li><strong>Multimaths<\/strong> : Des d&rsquo;applications tous supports ( t\u00e9l\u00e9phone, ordinateurs ) pour s&rsquo;entrainer sur des th\u00e8mes enseign\u00e9s au coll\u00e8ge : calcul ( table ou litt\u00e9ral) , g\u00e9om\u00e9trie : <a href=\"http:\/\/www.multimaths.net\/\">cliquer ici<\/a><\/li><li><strong>Calcul Mental : <\/strong>Passage de \u00ab\u00a0ceintures\u00a0\u00bb sur Kidimaths cliquer sur l&rsquo;icone<br><a href=\"http:\/\/kidimath.sesamath.net\/\"><\/a><\/li><li><strong>Maths en Poche&nbsp;: <\/strong>Aller sur le site en cliquant sur l&rsquo;image et choisissez votre niveau &nbsp;<a href=\"http:\/\/kidimath.sesamath.net\/\"><\/a><\/li><li><strong>Mathovore,<\/strong><em>&nbsp;tout pour r\u00e9ussir en math\u00e9matiques<\/em>&nbsp;: Une tr\u00e8s grande banque de donn\u00e9es d&rsquo;exercices de la sixi\u00e8me \u00e0 la terminale, des cours sont aussi disponibles, <a href=\"http:\/\/www.mathovore.fr\/\">cliquer ici<\/a><\/li><li><strong>Annales de Brevet sur le site de l&rsquo;APMEP : <\/strong>250 sujets de&nbsp;Brevets de 2000 \u00e0 2018 (privil\u00e9giez les ann\u00e9es r\u00e9centes \u00e0 cause des changements dans les programmes ) &nbsp;&nbsp;<a href=\"http:\/\/www.apmep.fr\/-BREVET-207-sujets-\">cliquer ici<\/a><\/li><\/ol>\n\n\n\n<p><\/p>\n\n\n<p><strong>Cours :<\/strong><\/p>\n<ul>\n<li>Cours cinqui\u00e8me, derni\u00e8re version 26\/05\/20 : <a href=\"https:\/\/maths-simao.fr\/wp-content\/uploads\/2018\/01\/17-Cours5-3.pdf\">Cours Cinqui\u00e8mes pdf<\/a> .<\/li>\n<\/ul>\n<ul>\n<li>Cours troisi\u00e8mes, derni\u00e8re version 26\/05\/20 :<a href=\"https:\/\/maths-simao.fr\/wp-content\/uploads\/2018\/01\/17_Cours-3eme-3.pdf\">&nbsp;Cours 3eme<\/a>&nbsp;.<\/li>\n<\/ul>\n<p>Rappel : Les fichiers sont sont sous la licence suivante :<\/p>\n<p><a href=\"http:\/\/creativecommons.org\/licenses\/by-nc-sa\/3.0\/fr\/\" rel=\"license\"><img decoding=\"async\" style=\"border-width: 0;\" src=\"http:\/\/i.creativecommons.org\/l\/by-nc-sa\/3.0\/fr\/88x31.png\" alt=\"Licence Creative Commons\"><\/a><\/p>\n<p><\/p>\n\n\n<p><strong>Manuels : <\/strong><\/p>\n\n\n\n<p>Voici les manuels utilis\u00e9s au coll\u00e8ge l&rsquo;Estaque.<\/p>\n\n\n\n<p>Le Second est pour le cycle 4 soit 5\u00e8me, 4\u00e8me et troisi\u00e8me<\/p>\n\n\n\n<p>Cliquer sur l&rsquo;image pour y avoir acc\u00e8s<\/p>\n\n\n\n<div class=\"wp-block-image\">\n<figure class=\"aligncenter\"><figure><a href=\"http:\/\/www.iparcours.fr\/ouvrages\/ouvrages.php?ouvrage=Manuel62016\"><img decoding=\"async\" loading=\"lazy\" width=\"212\" height=\"300\" class=\"wp-image-1059 aligncenter\" src=\"https:\/\/maths-simao.fr\/wp-content\/uploads\/2010\/09\/image-cycle-3-212x300.png\" alt=\"image-cycle-3\" srcset=\"https:\/\/maths-simao.fr\/wp-content\/uploads\/2010\/09\/image-cycle-3-212x300.png 212w, https:\/\/maths-simao.fr\/wp-content\/uploads\/2010\/09\/image-cycle-3-106x150.png 106w, https:\/\/maths-simao.fr\/wp-content\/uploads\/2010\/09\/image-cycle-3.png 366w\" sizes=\"(max-width: 212px) 100vw, 212px\" \/><\/a><\/figure><\/figure>\n<\/div>\n\n\n\n<div class=\"wp-block-image\">\n<figure class=\"aligncenter\"><a href=\"http:\/\/mep-outils.sesamath.net\/manuel_numerique\/?ouvrage=cycle4_2016\"><img decoding=\"async\" loading=\"lazy\" width=\"214\" height=\"300\" class=\"wp-image-1056 aligncenter\" src=\"https:\/\/maths-simao.fr\/wp-content\/uploads\/2010\/09\/image-cycle-4-214x300.jpg\" alt=\"\" srcset=\"https:\/\/maths-simao.fr\/wp-content\/uploads\/2010\/09\/image-cycle-4-214x300.jpg 214w, https:\/\/maths-simao.fr\/wp-content\/uploads\/2010\/09\/image-cycle-4-107x150.jpg 107w, https:\/\/maths-simao.fr\/wp-content\/uploads\/2010\/09\/image-cycle-4-768x1075.jpg 768w, https:\/\/maths-simao.fr\/wp-content\/uploads\/2010\/09\/image-cycle-4-732x1024.jpg 732w, https:\/\/maths-simao.fr\/wp-content\/uploads\/2010\/09\/image-cycle-4.jpg 1400w\" sizes=\"(max-width: 214px) 100vw, 214px\" \/><\/a><\/figure>\n<\/div>\n\n\n<p><strong>Club de Maths 2018-2020.<\/strong><\/p>\n<p>Ici se trouve tous les liens en rapport avec le labo sciences du coll\u00e8ge entre 12h30 et 13h30 le mardi au coll\u00e8ge. N&rsquo;h\u00e9sitez pas \u00e0 cliquer sur les hyper liens qui renvoient \u00e0 des articles pour chacun des th\u00e8mes trait\u00e9s.<\/p>\n<p>Tout d&rsquo;abord voici <a href=\"https:\/\/maths-simao.fr\/?p=1270\">le projet<\/a> pour cette ann\u00e9e.<\/p>\n<p>Voici les th\u00e8mes trait\u00e9s pour l&rsquo;instant :<\/p>\n<ul>\n<li><a href=\"https:\/\/maths-simao.fr\/?p=1284\">Hypoth\u00e8se de Riemman<\/a>: pr\u00e9sentation via une video de @ELjj. But comprendre l&rsquo;\u00e9nonc\u00e9 de cet conjecture fesant partie des probl\u00e8mes du millin\u00e9aire<\/li>\n<li><a href=\"https:\/\/www.tinkercad.com\">Tinkercad<\/a> : un logiciel simple pour mod\u00e9liser en 3D, initiation et premi\u00e8res inpressions 3d<\/li>\n<li><a href=\"http:\/\/castor-informatique.fr\/home.php\">Concours Castor<\/a>: Participation \u00e0 ce concours informatique tr\u00e8s ludique. On peut s&rsquo;entrainer hors des p\u00e9riodes des concours<\/li>\n<li><a href=\"https:\/\/maths-simao.fr\/?p=1383\">Th\u00e8me Pavages<\/a> : Pr\u00e9sentation des 17 fa\u00e7ons de paver un plan, recherches \u00e0 partir de photos de l&rsquo;Alhambra des diff\u00e9rents types de pavages. Constructions de motifs de l&rsquo;Alhambra sur G\u00e9og\u00e9bra puis impressions 3D. Cr\u00e9ation par les \u00e9l\u00e8ves de leurs propres motifs de pavages<\/li>\n<li>Th\u00e8me Micro-Bit . Construction d&rsquo;un petit jeu pour trouver une nombre entre 0 et 100 \u00e0 partir de r\u00e9ponse ( + ou &#8211; ) en le moins de coup possibles. Lors du <a href=\"https:\/\/maths-simao.fr\/?p=1380\">Pi-Day<\/a> : envoi des d\u00e9cimales de Pi apr\u00e8s hachage d&rsquo;un fichier par onde radio entre diff\u00e9rentes cartes microbit.<\/li>\n<li><a href=\"https:\/\/maths-simao.fr\/?p=1424\">Th\u00e8me Fractales<\/a> : D\u00e9finition de l&rsquo;auto similarit\u00e9 exemples en vid\u00e9o et sur le site Sorcier de Salem ( labo de Maths). Fractale en Papier et construction du flocon de Von Koch par Scratch et impression 3d. Pavage de Flocons. Visionnage d&rsquo;un documentaire sur Arte : \u00ab\u00a0Fractale \u00e0 la recherche de la dimension cach\u00e9e\u00a0\u00bb<\/li>\n<li><a href=\"https:\/\/maths-simao.fr\/?p=1403\">Conf\u00e9rence sur la vie de Kolmogorov<\/a> par Sacha Bufetov<\/li>\n<li><a href=\"https:\/\/maths-simao.fr\/?p=1355\">Biblioth\u00e8que de livres math\u00e9matiques<\/a><\/li>\n<li><a href=\"http:\/\/club.i2m.univ-amu.fr\/index.php\">Club de Maths de Marseille<\/a> : vous trouverez sur dans le forum,\u00a0 une liste des probl\u00e8mes abord\u00e9s et auquel on a particip\u00e9 :\u00a0 le carr\u00e9 de chocolat empoisonn\u00e9, probl\u00e8mes de Alexander Bufetov, plus court chemin sur une terre cubique, tableau remplis de -1,0,1 mais aussi des grilles logiques et des sujets de la FFJM ( F\u00e9d\u00e9ration Fran\u00e7aise des Jeux Math\u00e9matiques )\u00a0\u00a0<\/li>\n<\/ul>\n\n\n<p><\/p>\n","protected":false},"excerpt":{"rendered":"<p>Liens : Vous pouvez trouver sur le net, plusieurs sites permettant de faire des exercices en ligne permettant de vous entrainer seul chez vous. Vid\u00e9os de cours en ligne : Par Yvon Monka de l&rsquo;excellent site Maths et tiques, chaine youtube vid\u00e9o de 5 min par notions &nbsp;cliquer ici J&rsquo;ai compris Cours et exercices corrig\u00e9s [&hellip;]<\/p>\n","protected":false},"author":1,"featured_media":0,"parent":0,"menu_order":0,"comment_status":"closed","ping_status":"closed","template":"","meta":{"footnotes":""},"_links":{"self":[{"href":"https:\/\/maths-simao.fr\/index.php?rest_route=\/wp\/v2\/pages\/1167"}],"collection":[{"href":"https:\/\/maths-simao.fr\/index.php?rest_route=\/wp\/v2\/pages"}],"about":[{"href":"https:\/\/maths-simao.fr\/index.php?rest_route=\/wp\/v2\/types\/page"}],"author":[{"embeddable":true,"href":"https:\/\/maths-simao.fr\/index.php?rest_route=\/wp\/v2\/users\/1"}],"replies":[{"embeddable":true,"href":"https:\/\/maths-simao.fr\/index.php?rest_route=%2Fwp%2Fv2%2Fcomments&post=1167"}],"version-history":[{"count":26,"href":"https:\/\/maths-simao.fr\/index.php?rest_route=\/wp\/v2\/pages\/1167\/revisions"}],"predecessor-version":[{"id":1610,"href":"https:\/\/maths-simao.fr\/index.php?rest_route=\/wp\/v2\/pages\/1167\/revisions\/1610"}],"wp:attachment":[{"href":"https:\/\/maths-simao.fr\/index.php?rest_route=%2Fwp%2Fv2%2Fmedia&parent=1167"}],"curies":[{"name":"wp","href":"https:\/\/api.w.org\/{rel}","templated":true}]}}