{"id":2,"date":"2010-09-14T22:58:51","date_gmt":"2010-09-14T22:58:51","guid":{"rendered":"http:\/\/maths.simao.free.fr\/?page_id=2"},"modified":"2020-08-28T07:34:57","modified_gmt":"2020-08-28T07:34:57","slug":"a-propos","status":"publish","type":"page","link":"https:\/\/maths-simao.fr\/?page_id=2","title":{"rendered":"\u00c0 propos"},"content":{"rendered":"<div id=\"_mcePaste\">\n<div id=\"_mcePaste\">Ce site a pour but de vous :<\/div>\n<div id=\"_mcePaste\">\n<ol>\n<li>Permettre d&rsquo;utiliser des logiciels de g\u00e9om\u00e9trie, d&rsquo;utiliser Python ou de bien comprendre le fonctionnement de sa calculatrice.<\/li>\n<li>Trouver des compl\u00e9ments de cours et d&rsquo;exercices \u00a0sur le net,\u00a0 et des vid\u00e9os pour bien comprendre les maths.<\/li>\n<li>Se divertir en faisant des maths : jeux,\u00e9nigmes,illusions,magie<\/li>\n<li>En apprendre plus : histoire des maths, probl\u00e8mes difficiles<\/li>\n<li>Se tenir au courant de l&rsquo;actualit\u00e9 math\u00e9matiques et s&rsquo;entraider via twitter cf. colonne de droite<\/li>\n<\/ol>\n<\/div>\n<div id=\"_mcePaste\">Tout les logiciels conseill\u00e9s sont sous licence Gpl et libres de droit, vous pouvez les t\u00e9l\u00e9charger en toute qui\u00e9tude.<\/div>\n<div>Pour l&rsquo;instant le site est \u00e0 ses pr\u00e9misses, il devrait s&rsquo;enrichir.<\/div>\n<p>Tous les travaux pr\u00e9sents sur ce site sont sous la licence suivante :<\/p>\n<p><a href=\"http:\/\/creativecommons.org\/licenses\/by-nc-sa\/3.0\/fr\/\" rel=\"license\"><img decoding=\"async\" style=\"border-width: 0;\" src=\"http:\/\/i.creativecommons.org\/l\/by-nc-sa\/3.0\/fr\/88x31.png\" alt=\"Licence Creative Commons\" \/><\/a><br \/>\nCe(tte) \u0153uvre est mise \u00e0 disposition selon les termes de la <a href=\"http:\/\/creativecommons.org\/licenses\/by-nc-sa\/3.0\/fr\/\" rel=\"license\">Licence Creative Commons Attribution &#8211; Pas d\u2019Utilisation Commerciale &#8211; Partage dans les M\u00eames Conditions 3.0 France<\/a>.<\/p>\n<\/div>\n","protected":false},"excerpt":{"rendered":"<p>Ce site a pour but de vous : Permettre d&rsquo;utiliser des logiciels de g\u00e9om\u00e9trie, d&rsquo;utiliser Python ou de bien comprendre le fonctionnement de sa calculatrice. Trouver des compl\u00e9ments de cours et d&rsquo;exercices \u00a0sur le net,\u00a0 et des vid\u00e9os pour bien comprendre les maths. Se divertir en faisant des maths : jeux,\u00e9nigmes,illusions,magie En apprendre plus : [&hellip;]<\/p>\n","protected":false},"author":1,"featured_media":0,"parent":0,"menu_order":0,"comment_status":"open","ping_status":"open","template":"","meta":{"footnotes":""},"_links":{"self":[{"href":"https:\/\/maths-simao.fr\/index.php?rest_route=\/wp\/v2\/pages\/2"}],"collection":[{"href":"https:\/\/maths-simao.fr\/index.php?rest_route=\/wp\/v2\/pages"}],"about":[{"href":"https:\/\/maths-simao.fr\/index.php?rest_route=\/wp\/v2\/types\/page"}],"author":[{"embeddable":true,"href":"https:\/\/maths-simao.fr\/index.php?rest_route=\/wp\/v2\/users\/1"}],"replies":[{"embeddable":true,"href":"https:\/\/maths-simao.fr\/index.php?rest_route=%2Fwp%2Fv2%2Fcomments&post=2"}],"version-history":[{"count":13,"href":"https:\/\/maths-simao.fr\/index.php?rest_route=\/wp\/v2\/pages\/2\/revisions"}],"predecessor-version":[{"id":1604,"href":"https:\/\/maths-simao.fr\/index.php?rest_route=\/wp\/v2\/pages\/2\/revisions\/1604"}],"wp:attachment":[{"href":"https:\/\/maths-simao.fr\/index.php?rest_route=%2Fwp%2Fv2%2Fmedia&parent=2"}],"curies":[{"name":"wp","href":"https:\/\/api.w.org\/{rel}","templated":true}]}}